t d(a) = -a**2 - 7*a - 5. Let s be d(-5). Suppose -i - s = -n - n, i + 3*n = 0. Let b be (-1 - i)*-1 + 5. Calculate the greatest common divisor of 6 and b.
3
Let i be (8 - 6)/(1/2). Let w = 49 - 29. Calculate the highest common factor of w and i.
4
Suppose 25*b - 9*b = 112. Calculate the greatest common factor of b and 7.
7
Let g be (4/(-3))/((-3)/9). Suppose 310 = 5*n + 2*s, 0 = -g*n + s + 89 + 172. What is the greatest common factor of n and 8?
8
Let t = -15 - -17. Suppose -t + 32 = 3*o. What is the greatest common factor of o and 25?
5
Let w(l) = 3*l. Let a be w(10). Calculate the greatest common factor of a and 12.
6
Let s be (0/(-2) - -1)/1. Let j(z) = 12*z**2 - z. Let p be j(s). What is the highest common factor of p and 33?
11
Suppose 50 = 3*r + 2*u, 2*u = 4*r - 1 - 61. Calculate the highest common factor of r and 40.
8
Let d = -125 + 175. Calculate the greatest common divisor of d and 20.
10
Let p be ((2 - 2) + -1)*-13. Let o(i) = -13*i - 13. Let y be o(-8). What is the greatest common factor of y and p?
13
Suppose 0 = 5*j - 20, 3*p = -j + 163 - 15. What is the highest common factor of 12 and p?
12
Let x(q) = -q**3 + 9*q**2 - q + 9. Let z be x(9). Suppose -i + 2*i - 44 = z. Calculate the greatest common factor of 4 and i.
4
Let g be 2110/25 - (8/20 - 0). Suppose -i - 4*x + 12 = 0, -i - 8 = x - 20. Calculate the greatest common divisor of i and g.
12
Let l be 0*(-3 + 7/2). Suppose l = -2*i - i + 2*x + 235, 5*i - 400 = 5*x. Calculate the highest common factor of 15 and i.
15
Suppose -5*n + 17 = 5*s - 3*n, -4*n - 31 = -3*s. Suppose -3*j = 3*k - j - 19, -2*k - 5*j = -20. What is the greatest common divisor of k and s?
5
Suppose -4*j - 188 = -3*o, 4*o - 5*o + 54 = 3*j. What is the greatest common divisor of o and 12?
12
Let p = 68 - 40. Calculate the greatest common divisor of 14 and p.
14
Suppose -81 = -2*g - 9. What is the greatest common factor of g and 108?
36
Let s(u) = 21*u**2 - u - 1. Let p be s(-1). Suppose -q - p = b - 4*b, -4*b - 5*q + 28 = 0. Calculate the highest common divisor of b and 7.
7
Suppose 4*z + z = 125. What is the highest common factor of 200 and z?
25
Let g = 108 - 32. Let u(d) = d**3 + 5*d**2 - 3*d + 4. Let q be u(-5). What is the highest common divisor of g and q?
19
Let z(o) = o**2 - 4. Suppose -8 = -5*c + 12. Let t be z(c). Suppose -3*l + 30 = 5*a - 44, -2*a = 5*l - 98. What is the highest common divisor of t and l?
6
Suppose -2*p = -4*k - p + 36, -5*k + 66 = 4*p. Calculate the greatest common divisor of k and 40.
10
Let m be (-128)/(-12) + 2/6. Suppose 14*x = m*x + 27. Calculate the highest common divisor of 3 and x.
3
Let t be (1 + (3 - 1))/1. Let s = 13 - t. Calculate the highest common factor of 20 and s.
10
Let a be (93 + (-1 - 2))/2. Calculate the highest common divisor of a and 5.
5
Let c(i) = -i**3 + 7*i**2 - 5*i - 4. Let d be c(6). Suppose -4*a + 107 = 4*z - 61, a = d*z - 90. What is the greatest common divisor of z and 4?
4
Suppose 2*v = -0*v. Suppose v = 2*c - 5*c + 9. Suppose c*o = -h + 7, 19 = 5*o - h - h. What is the greatest common divisor of 1 and o?
1
Let t(z) = -z**2 + 12*z. Let v = -9 - -19. Let i be t(v). Calculate the greatest common divisor of 4 and i.
4
Let u = 6 + -3. Let c be (-2 + 1 + 3)*u. Suppose -m + 4*z + 70 = 0, 2*m + c*z - 2*z = 80. What is the highest common divisor of m and 20?
10
Let j be 3/(-9) + (-5)/3. Let g be (1 - (j - -2))*16. Calculate the highest common divisor of 16 and g.
16
Let j(u) = 17*u + 8*u - 4 + 2. Let w be j(2). What is the greatest common factor of 6 and w?
6
Let d = -45 - -70. What is the highest common factor of d and 10?
5
Suppose -3*l - d - 2 = -58, -86 = -5*l + 2*d. Suppose 51 = 3*b + k, -85 = -4*b - b + 3*k. Suppose 4*x - b = 19. What is the greatest common factor of x and l?
9
Suppose -2*g - 3*g = -2*i - 603, 489 = 4*g + 5*i. Suppose -10*f + 4*f + 66 = 0. What is the highest common factor of f and g?
11
Let m(o) be the first derivative of o**3/3 + 7*o**2/2 - 8*o + 2. Let d be m(-8). Suppose d*l = 3*l - 48. Calculate the greatest common divisor of 40 and l.
8
Let x(j) = j**2 - 6*j - 1. Let g be x(7). Suppose 2*v - 15 + 3 = -3*w, 3*v - 13 = -2*w. Let c be (1 - -98)*w/3. What is the greatest common divisor of c and g?
6
Let r be 47/(-3) + (-1)/3. Let u(a) = -a**3 - 11*a**2 - 15*a - 8. Let w be u(-10). Let l be 4/r - w/(-8). What is the highest common divisor of 5 and l?
5
Let x be 152/(-6)*3*-1. Let j = -48 - -67. Calculate the greatest common factor of x and j.
19
Let c = -251 - -619. What is the highest common divisor of c and 46?
46
Let t = 37 + -11. Calculate the greatest common divisor of t and 39.
13
Suppose 35 = 2*z - 109. Calculate the highest common divisor of z and 8.
8
Suppose 3*r + 116 = 5*r. Suppose -r = -3*c - 10. Calculate the greatest common factor of 96 and c.
16
Let q be -3 + 2*(-148)/(-8). Let g = 2 + q. What is the greatest common divisor of g and 9?
9
Let j = -31 + 48. Calculate the greatest common factor of 119 and j.
17
Suppose 3*v - 3*i = 27, 4 = 2*v + 4*i - 2. What is the highest common factor of v and 7?
7
Let b be (6/4)/(33/308). What is the greatest common divisor of b and 21?
7
Suppose -5*h + 292 = -h. Suppose 515 = 5*z - 0*z. Let i = z - h. Calculate the highest common factor of 75 and i.
15
Let p = 0 - -2. Suppose 0*o + p = -o. Let u be 63 + (o/1 - 1). What is the greatest common divisor of 12 and u?
12
Let p = 38 - 28. What is the greatest common factor of p and 90?
10
Suppose 2*w + 5*z = 27, -15 = -3*w - 7*z + 8*z. Calculate the highest common divisor of w and 30.
6
Suppose b - 26 = 58. Calculate the greatest common factor of 7 and b.
7
Let a be -1*(-1 + 2 + -10). Let w = -15 + a. Let y(s) = -14*s - 4. Let t be y(w). Calculate the greatest common factor of t and 32.
16
Let v be ((-12)/10)/(15/(-50)). Suppose 0 = 6*a - 2*a - v. Let c = 23 - 12. What is the highest common factor of a and c?
1
Let p be 2/(-8) - (-27)/12. Let n be p/9 + 392/18. What is the greatest common factor of n and 55?
11
Let f be (-29)/9 + (-18)/(-81). Let q be 12/9*f*-1. What is the greatest common factor of q and 32?
4
Let c = -1 + 10. Let n = 13 - 4. Calculate the highest common divisor of n and c.
9
Suppose 0*g - 3*g - p = -11, g - 3*p + 3 = 0. What is the highest common divisor of 6 and g?
3
Let n be 62/(-8) - (-3)/(-12). Let o be (30/n)/(2/(-8)). Let u(f) = -f**2 + 9*f + 73. Let b be u(14). Calculate the greatest common factor of o and b.
3
Let c be (-120)/(-3) + (-4)/(-4). Calculate the greatest common factor of 123 and c.
41
Suppose -14*l - l = -840. Calculate the greatest common factor of 7 and l.
7
Let s = -4 - -16. Calculate the highest common divisor of 12 and s.
12
Suppose 5*c - 6 - 14 = 3*k, c = 3*k + 4. What is the highest common divisor of 3 and c?
1
Suppose -4*l = -3*l - 2. Suppose m - l*m + 5 = 0. Calculate the greatest common divisor of 2 and m.
1
Let g be (-3)/(30/(-145)) + (-3)/6. Calculate the greatest common factor of 98 and g.
14
Suppose 20*d = 18*d + 48. What is the greatest common divisor of 12 and d?
12
Suppose 0 = 2*z + z - 324. Suppose -5*n = -2*n + l - 87, -4*n = 4*l - z. What is the greatest common divisor of 6 and n?
6
Let v(a) = -2*a**3 - 2*a**2 - 4*a - 3. Let u be v(-3). Calculate the highest common factor of 15 and u.
15
Let m = -7 + 9. Suppose -3 + 11 = m*j. What is the highest common factor of j and 4?
4
Suppose 0 = 60*o - 63*o + 42. What is the greatest common factor of o and 14?
14
Suppose 0 = 5*v + 4*h - 257 - 205, 2*h + 84 = v. What is the highest common divisor of 36 and v?
18
Suppose 45*k - 1927 = -487. Let b be (-1 - (1 - 82))*1. What is the highest common factor of k and b?
16
Suppose 2*d + 20 = 3*m - 0*d, -m - 2*d - 4 = 0. Suppose -w - 3 = 0, j + w - m*w = 27. Calculate the highest common divisor of j and 45.
9
Let l(w) = 16*w - 6. Let t be l(6). Suppose -15*d - 81 = -24*d. What is the greatest common divisor of t and d?
9
Suppose a - y - 63 = 0, 153 = 5*a + 3*y - 178. Calculate the highest common divisor of a and 5.
5
Let w(m) be the third derivative of -m**4/24 + 13*m**3/6 + 2*m**2. Let c be w(7). Suppose 3*v = -c + 15. Calculate the highest common divisor of v and 15.
3
Let q = 59 + 21. Let j = 145 - q. Let l = j - 32. Calculate the greatest common factor of 22 and l.
11
Let o(x) = x**2 - 4. Let p be